) = 429*i - 2589. What is p(6)?
-15
Let g(b) = b**2 - 7*b - 170. Determine g(-12).
58
Let z(j) = -1262*j + 6314. Determine z(5).
4
Let f(l) = l**2 - 53*l + 362. What is f(53)?
362
Let d(s) = 56*s - 3229. Calculate d(58).
19
Let l(w) = -38*w - 1054. What is l(-26)?
-66
Let d(j) = 40*j + 1794. Calculate d(-45).
-6
Let p(j) = 11*j + 594. What is p(-55)?
-11
Let g(r) = r**2 - 18*r - 558. Calculate g(39).
261
Let f(x) = -x**2 - 39*x + 1346. Determine f(22).
4
Let i(p) = 4*p**2 + 418*p - 25364. Calculate i(43).
6
Let j(f) = 4*f - 194. What is j(78)?
118
Let f(z) = -16*z + 307. Calculate f(30).
-173
Let y(n) = -3*n**3 - n**2 - 146*n + 147. Give y(1).
-3
Let k(j) = 56*j + 1016. What is k(-20)?
-104
Let u(w) = -5*w**2 - 169*w - 883. What is u(-7)?
55
Let t(k) = -k**2 + 197*k - 2117. What is t(11)?
-71
Let t(z) = -3*z**3 + 4*z**2 - 4*z - 5. What is t(4)?
-149
Let y(m) = -627*m + 157379. Give y(251).
2
Let f(x) = 2*x**3 - 277*x**2 + 124*x + 1957. What is f(138)?
25
Let z(y) = y**2 - 75*y + 1338. What is z(35)?
-62
Let h(b) = b**3 - 14*b**2 + 43*b + 6. Calculate h(9).
-12
Let a(q) = -q**3 - 17*q**2 + 20*q - 26. Calculate a(-18).
-62
Let k(m) = 2*m**2 + 32*m + 166. Give k(-7).
40
Let n(b) = 10*b + 251. Determine n(-24).
11
Let i(r) = 6*r + 8. Calculate i(5).
38
Let y(x) = -6942*x + 20837. Determine y(3).
11
Let a(i) = 79*i + 1841. Determine a(-22).
103
Let s(f) = 22*f**2 + 535*f - 1593. Calculate s(-27).
0
Let q(s) = -32*s - 207. Determine q(-6).
-15
Let a(y) = y**3 + 55*y**2 - 3*y - 163. What is a(-55)?
2
Let k(g) = 32*g + 1839. What is k(-58)?
-17
Let u(r) = 47*r + 346. Give u(-7).
17
Let z(b) = -b**3 + 20*b**2 - 183*b + 2251. Give z(17).
7
Let y(g) = 22*g - 460. What is y(54)?
728
Let t(h) = -h**3 + 9*h**2 - 15*h + 84. Calculate t(9).
-51
Let u(k) = -k**3 + 15*k**2 - 24*k + 387. What is u(15)?
27
Let i(m) = 194*m - 727. Determine i(4).
49
Let m(l) = -2*l**2 - 62*l + 129. Calculate m(2).
-3
Let h(z) = 30*z**2 - 22*z + 45. What is h(2)?
121
Let z(h) = h**2 + 58*h + 489. Give z(-37).
-288
Let z(m) = m**3 + 75*m**2 + 4*m + 306. Give z(-75).
6
Let w(g) = 1676*g - 35216. Give w(21).
-20
Let g(p) = 3*p**3 - 403*p**2 + 111*p + 3079. Determine g(134).
-3
Let t(o) = -5*o**2 + 32*o - 164. Give t(6).
-152
Let x(v) = 10*v**2 - 1042*v + 215. What is x(104)?
7
Let n(c) = 356*c - 342. Give n(1).
14
Let h(d) = 2*d**2 - 133*d - 1108. Determine h(74).
2
Let t(h) = -5*h**2 - 15006*h - 15007. Calculate t(-1).
-6
Let n(t) = 666*t + 3995. What is n(-6)?
-1
Let b(w) = w**2 + 11*w + 435. What is b(-14)?
477
Let k(b) = b**3 - 137*b**2 + 531*b + 124. Determine k(133).
-9
Let l(u) = 23*u - 2826. Give l(123).
3
Let t(z) = 654*z - 8510. Determine t(13).
-8
Let p(b) = b**3 - 5*b**2 - 20*b - 9. What is p(10)?
291
Let a(i) = 5*i**2 - 8*i + 12. Give a(3).
33
Let h(o) = o**3 + 15*o**2 + 2*o - 64. Calculate h(-15).
-94
Let l(t) = -t**3 + 3*t**2 - 9*t + 45. What is l(4)?
-7
Let y(h) = -3*h + 304. What is y(1)?
301
Let r(m) = m**2 - 227*m + 1751. Give r(8).
-1
Let y(u) = -u**3 + 111*u**2 - 323*u - 95. Give y(108).
13
Let g(n) = -4*n**2 + 12*n - 10. Give g(0).
-10
Let v(a) = -a**3 - 31*a**2 + 65*a + 1048. Give v(-32).
-8
Let m(z) = -z**2 + 16*z + 4682. Calculate m(77).
-15
Let h(d) = d**3 + 26*d**2 + 169*d + 2. What is h(-13)?
2
Let q(l) = -6*l + 210. Determine q(47).
-72
Let c(v) = 4*v**3 - 21*v**2 + 8*v - 67. Give c(7).
332
Let p(j) = -739*j - 2958. Determine p(-4).
-2
Let v(o) = 9*o**2 + 23*o - 77. Give v(4).
159
Let i(m) = -29*m**2 + 263*m - 107. Determine i(9).
-89
Let o(m) = 3*m**3 - 20*m**2 - 23*m - 39. What is o(8)?
33
Let p(u) = -u**3 + 28*u**2 - 122*u + 60. What is p(23)?
-101
Let i(b) = -17*b**2 - 30*b + 317. Give i(-5).
42
Let p(w) = -13123*w - 52503. What is p(-4)?
-11
Let t(h) = -6*h - 151. Give t(-27).
11
Let c(k) = 40*k**2 - 2759*k - 157. Determine c(69).
-88
Let l(o) = o**3 + 12*o**2 - 18*o - 298. Determine l(-13).
-233
Let m(s) = 11*s**2 - 839*s + 219. Determine m(76).
-9
Let o(a) = -a**2 + 28*a - 90. Give o(24).
6
Let m(q) = -2*q**3 - 19*q**2 - 73*q - 10. Determine m(-7).
256
Let t(u) = u**2 - 5*u - 53. Calculate t(-8).
51
Let f(y) = y**3 + 26*y**2 + 34*y - 365. What is f(-24)?
-29
Let i(q) = -q**2 - 13*q + 385. Calculate i(-27).
7
Let f(h) = -538*h - 731. What is f(-2)?
345
Let a(d) = -2*d**2 - 56*d - 57. Calculate a(-19).
285
Let x(a) = -17*a**3 + 6*a**2 + 15*a + 7. What is x(-1)?
15
Let b(r) = 4*r**2 + 516*r - 4387. Determine b(8).
-3
Let p(o) = o**3 - 29*o**2 - 96*o - 44. Give p(32).
-44
Let b(v) = -v**3 - v**2 + v + 28. What is b(0)?
28
Let a(m) = -2*m**3 + 14*m**2 + 155*m + 23. Give a(13).
10
Let r(w) = w**2 - 16*w - 1. Determine r(5).
-56
Let g(k) = k**3 + 30*k**2 - 348*k + 20. What is g(9)?
47
Let z(x) = x**3 - 24*x**2 + 40*x - 405. Determine z(23).
-14
Let v(p) = -4*p**2 + 14*p - 15. Calculate v(2).
-3
Let w(z) = -3*z**2 - 137*z + 786. What is w(-51)?
-30
Let v(r) = 2*r**3 - 80*r**2 - 5*r + 235. Determine v(40).
35
Let h(v) = 6*v - 62. What is h(-19)?
-176
Let x(i) = 3*i**2 + 95*i - 59. Calculate x(-32).
-27
Let d(j) = -5*j**2 - 32*j - 65. Determine d(-2).
-21
Let b(m) = m**3 - 315*m**2 + 8*m + 6. Give b(0).
6
Let p(g) = g**3 + 29*g**2 + 16*g + 464. Give p(-29).
0
Let g(w) = -495*w + 3456. Give g(7).
-9
Let u(o) = 75*o**3 + 3*o**2 + 21*o + 30. Determine u(-2).
-600
Let f(v) = 3*v**2 + 80*v + 1115. Calculate f(-17).
622
Let q(s) = 117*s + 140. Determine q(-7).
-679
Let w(v) = -v**2 + 129*v - 2516. Give w(24).
4
Let b(t) = t**2 + 3*t - 14. Give b(-5).
-4
Let y(n) = -13*n**2 - 352*n - 17. Give y(-27).
10
Let k(m) = -16*m**2 + 608*m - 628. What is k(37)?
-36
Let m(g) = -3*g**2 + 259*g - 385. Calculate m(84).
203
Let r(x) = 4*x**2 - 50*x + 9. What is r(7)?
-145
Let t(z) = 7*z**2 - 11*z - 122. What is t(-7)?
298
Let u(w) = -10*w - 251. What is u(-32)?
69
Let m(z) = z**3 + 2*z**2 - 4*z + 341. Determine m(0).
341
Let p(i) = 115*i - 1377. Determine p(15).
348
Let d(a) = -a**2 - 173*a - 1159. Calculate d(-7).
3
Let m(u) = u**3 + 18*u**2 + 88*u + 897. Calculate m(-16).
1
Let p(i) = -4*i**2 + 659*i + 3560. Give p(170).
-10
Let l(q) = 3*q**2 - 153*q - 487. Calculate l(54).
-1
Let b(z) = 154*z - 14005. What is b(91)?
9
Let n(o) = -o**3 + 48*o**2 + 41*o - 68. What is n(49)?
-460
Let s(a) = -2171*a - 1. Determine s(0).
-1
Let d(g) = -158*g + 754. Determine d(5).
-36
Let h(i) = 2*i**2 - 136*i - 3959. Give h(-22).
1
Let z(x) = -1012*x - 28. Calculate z(1).
-1040
Let t(f) = -f**2 - 41*f + 1400. Determine t(-63).
14
Let d(y) = 7483*y + 22458. Determine d(-3).
9
Let r(z) = 4*z**2 + 62*z + 120. Calculate r(-2).
12
Let y(q) = -q**3 + 25*q**2 - 43*q - 7. Calculate y(23).
62
Let m(s) = -234*s - 29. Calculate m(2).
-497
Let g(m) = 51*m**3 + 53*m**2 - 19*m - 21. Give g(-1).
0
Let g(y) = 35*y - 330. Determine g(10).
20
Let c(o) = 17*o - 625. Calculate c(31).
-98
Let z(o) = -5*o**3 - 5*o**2 - 28*o + 59. What is z(2)?
-57
Let j(h) = -323*h - 2592. Determine j(-8).
-8
Let w(s) = -s**2 + 156*s - 1453. What is w(146)?
7
Let m(s) = 5*s**2 + 65*s + 356. Determine m(-6).
146
Let p(z) = 2*z**2 + 195*z + 1738. What is p(-9)?
145
Let c(f) = -f**3 + 58*f**2 - 825*f - 7. What is c(25)?
-7
Let c(y) = 1005*y + 7966. What is c(-8)?
-74
Let j(b) = b**3 + 16*b**2 + 100*b - 7. Determine j(-12).
-631
Let g(h) = -375*h + 5620. Calculate g(15).
-5
Let i(g) = -107*g**2 + 119*g - 2. Determine i(1).
10
Let l(f) = -31*f**3 - 165*f**2 - 7*f + 2. What is l(-5)?
-213
Let h(n) = 2*n**3 + 37*n**2 + 76*n + 1036. Give h(-18).
-8
Let w(x) = -10*x**2 + 56*x + 6. Calculate w(-5).
-524
Let w(v) = v**3 + 37*v**2 + 23*v + 856. What is w(-37)?
5
Let n(y) = 46*y - 430. Give n(10).
30
Let w(k) = 12*k + 283. Calculate w(-24).
-5
Let h(i) = i**2 + i + 26. Calculate h(4).
46
Let a(o) = 13*o + 15. Calculate a(-1).
2
Let n(s) = -18*s**2 + 118*s - 33. Determine n(6).
27
Let l(v) = -7*v - 1033. What is l(-113)?
-242
Let w(h) = -10*h**2 - 302*h - 67. Give w(-30).
-7
Let s(t) = 2*t**2 - 118*t + 1075. What is s(48)?
19
Let c(u) = -u**2 + 131*u - 864. Calculate c(7).
4
Let p(w) = -w**3 - 3*w**2 + 34*w + 138. Determine p(-9).
318
Let h(t) = t**3 + 14*t**2 - 108*t - 177. Give h(-19).
70
Let n(i) = -i**3 - 107*i**2 - 1239*i - 1590. Determine n(-94).
8
Let p(i) = -2*i**2 + 24*i + 127. Determine p(19).
-139
Let j(n) = 20*n**2 - 164*n - 2587. W